3 + 6*a**2 + 9. Calculate the remainder when 60 is divided by h(-6).
6
Let g(r) = r**2 + 2*r + 40. What is the remainder when 191 is divided by g(0)?
31
Let i(k) = k**3 + 6*k**2 + 2*k + 32. What is the remainder when i(-4) is divided by 32?
24
Suppose -3*o + 2*p = -0*p - 154, 4*o - 4*p - 204 = 0. What is the remainder when 246 is divided by o?
38
Let r be 3 + ((-4)/1 - -3). Let a = 12 - r. What is the remainder when 28 is divided by a?
8
Let m = -30 - -139. What is the remainder when m is divided by 14?
11
Suppose 3*h - 114 = -3*g, 0 = 3*g - 0*g - 2*h - 134. Let m = g - 39. What is the remainder when 26 is divided by m?
2
Let t = -5 + -16. Let h = 29 + t. Calculate the remainder when 22 is divided by h.
6
Suppose 5*k - v - 170 = 0, -13 + 81 = 2*k + 2*v. What is the remainder when k is divided by 12?
10
Suppose 0 = -5*l + 43 + 847. Suppose -z = 2*t - 69, -5*t + 2*z = -z - l. Calculate the remainder when (-12)/(-5)*t/14 is divided by 4.
2
Let r = -34 + 36. Calculate the remainder when 7 - 3 - r - -2 is divided by 2.
0
Suppose -5*z + 3*z = -12. Suppose -5*y + 11 = j - 3, z = -j + 5*y. Suppose 0 = v - j, -2*l - 2*v + v = -16. What is the remainder when 23 is divided by l?
5
Let x(a) = 21*a + 163. What is the remainder when 142 is divided by x(-7)?
14
Suppose -108 - 473 = -7*m. Calculate the remainder when m is divided by 12.
11
Let f(q) = q**3 - 11*q**2 + 3*q + 10. Suppose 16*n - 143 = 3*n. Calculate the remainder when 167 is divided by f(n).
38
Suppose -5*y = -y - 3*w - 19, 2*y = w + 9. Let m(u) = u - 4. Let a be m(y). Suppose a = f - 18 - 18. What is the remainder when f is divided by 13?
10
Let y = 5 - 5. Let f = y + 20. Suppose -5 + f = s. What is the remainder when s is divided by 9?
6
Let r = 37 + -3. Suppose -5*m - 130 = -5*g, 0 = -g - 3*m + m + 14. Calculate the remainder when r is divided by g.
12
Let y = -449 - -478. What is the remainder when y is divided by 15?
14
Let n be (-45 - -3)*(-108)/42. Suppose -n = -5*m + m. Calculate the remainder when m is divided by 7.
6
Suppose -4*n = -92 - 236. Suppose -4*k + n = 22. Let r(i) = 2*i**2 - 4*i - 7. What is the remainder when r(6) is divided by k?
11
Let u be 0*(4 + (-27)/6). Suppose b + 24 = 4*f + 2*b, -5*f + 5*b + 55 = u. Let z = 7 + f. What is the remainder when 66 is divided by z?
10
Suppose -3*m - 6 = 0, 4 = 2*q + 75*m - 71*m. Calculate the remainder when 1557 is divided by q.
3
Suppose -m + 20 = 4*m. Suppose 3*y - i - 56 = 0, 12*y - 11*y + 3*i - 2 = 0. Suppose 0 = 3*v - m*v + y. Calculate the remainder when v is divided by 10.
7
Suppose -38736 - 31109 = -317*g + 12*g. What is the remainder when g is divided by 4/(-2)*23/(-2)?
22
Calculate the remainder when (2 - -1)*(-124)/(-6) is divided by (-1320)/(-30)*(-21)/(-28).
29
Suppose -22147 - 40153 = -100*h. Calculate the remainder when h is divided by 25.
23
Let d(m) = -2 + 50*m**2 + 0 + 49*m**2 - 96*m**2 - 3*m. What is the remainder when d(4) is divided by 19?
15
Let z = 494 - 440. What is the remainder when 215 is divided by z?
53
Calculate the remainder when (2 + -4)*525/(-10) is divided by 22.
17
Suppose 18 = -3*a - 4*c, 3*c = 3*a - 0*c - 3. Let v be (-9 - -6)/(a/(-6)). What is the remainder when (-1856)/(-72) + (-2)/v is divided by 15?
11
Suppose -11*s + 224 = -128. What is the remainder when (31/2)/(1/4) is divided by s?
30
Let h(g) = -2*g**3 - 6*g**2 + 11*g + 53. Let m(a) = a**2 + a + 2. What is the remainder when h(-4) is divided by m(-5)?
19
Let z(d) be the first derivative of -d**3/3 + 13*d**2/2 - 7*d - 1. Let p be z(14). What is the remainder when 34 is divided by 1/((-1)/p*3)?
6
Suppose 7*z - 2*z = -3*d + 286, 0 = z - 3*d - 50. What is the remainder when z is divided by (3105/138)/(3/2)?
11
Suppose 2*d = 4*j + 752, 7*j + 4 = 9*j. Calculate the remainder when d is divided by 53.
9
Suppose 6*m - 306 = 276. What is the remainder when m is divided by 53?
44
Let t = -47 + -18. Let d = -55 - t. Calculate the remainder when 57 is divided by d.
7
Let i(s) = 2*s + 3*s + 12 + 3 - 6*s. What is the remainder when i(8) is divided by ((-8)/10)/(3/(-15))?
3
What is the remainder when 545 is divided by (-18)/3 - 144/(1 + -4)?
41
Suppose m - 4*u = 45, -3*m = -0*m + 4*u - 135. What is the remainder when 76 is divided by m?
31
Suppose 0 = -3*k - w - 4*w + 15, -4*w = 2*k - 8. Calculate the remainder when 77 is divided by k.
7
Let h = 40 - 13. What is the remainder when h is divided by 8?
3
What is the remainder when 31 is divided by 2 + ((-6)/7)/(5/(-105))?
11
Let b = -87 - -100. What is the remainder when b is divided by 4?
1
Suppose -4*a = -0 + 96. Let k = 32 + a. Calculate the remainder when 23 is divided by k.
7
Let y = -710 + 727. What is the remainder when 185 is divided by y?
15
Let b(s) = s**2 - s - 1. Suppose -5*p + 51 = k, -p + 170 = 4*k + 2*p. What is the remainder when k is divided by b(4)?
8
Suppose 10 = -3*l + 31. Suppose 384 = 2*y + 6*y. Calculate the remainder when y is divided by l.
6
Suppose 3*p = 2*p + 5*q - 1, -2*p + q = 2. What is the remainder when 99 is divided by (p - 0)/(276/(-136) + 2)?
31
Let k = 2231 - 1989. What is the remainder when k is divided by 27?
26
Suppose 0 = 5*f + 4*p + 16, 3*p = -2*f - 13 + 1. Let y(u) = -3*u + 118. Calculate the remainder when y(f) is divided by 40.
38
Let m be 18/9 - 1*-1. Suppose -2*g - m*z + 11 = 0, 2 = -5*g + 4*z - 5. Calculate the remainder when g is divided by 1.
0
Let v(b) = -b**3 - 18*b**2 - 15*b + 39. Let j be 0*(2 + -3 - -2) + -17. What is the remainder when 27 is divided by v(j)?
2
Let j(g) = 19*g - 374. Let i be 2 + 2*-1 + 7. Calculate the remainder when j(23) is divided by 22/6*(-1 + i).
19
Suppose 2*y + 2*y = 4*m + 4, -4*y = -5*m - 3. What is the remainder when (-86)/(-11) + (-54)/(-297) is divided by m?
0
Let u(v) = -6*v - 1. Let b = 5 - 9. Calculate the remainder when 45 is divided by u(b).
22
Suppose j - 14 = 4*v, -3*j = -j - 5*v - 19. Calculate the remainder when 23 is divided by j.
1
Let w = 282 - 254. Calculate the remainder when 65 is divided by w.
9
Suppose 3*a = 270 - 57. Let l = -32 + a. Calculate the remainder when 113 is divided by l.
35
Let i(c) = c**2 - 3*c - 5. Suppose 2*s + 22 = 3*f, f = -s + 3 + 1. Let h be i(f). Let o = 22 - h. What is the remainder when 25 is divided by o?
7
Let v be (-6)/(-14) + 365/(-35). Let g = 62 + -32. Calculate the remainder when 447/5 + 4/v is divided by g.
29
What is the remainder when 283 is divided by 10 - (-4 - 9 - -8)?
13
Let v be (-2)/1 - (-11)/(-1). Let w = 22 + v. Let a = -1 + 16. Calculate the remainder when a is divided by w.
6
Let a = 523 - 503. What is the remainder when 176 is divided by a?
16
Let h(m) be the first derivative of 7*m**4/24 - 5*m**2/2 - 6. Let q(u) be the second derivative of h(u). What is the remainder when 39 is divided by q(1)?
4
Let x(d) = -7*d - 82. What is the remainder when x(-34) is divided by 43?
27
Let m(z) = 13*z - 160. Let n be m(0). Calculate the remainder when (30/(-4))/(16/n) is divided by 26.
23
Let x(y) = -2*y - 2. Let p be x(-3). Suppose 4*d - 3*k - 117 = 164, p*d - 5*k - 279 = 0. What is the remainder when d is divided by 92/5 - 22/(-385)*-7?
17
Let x(b) = -6*b - 13. Calculate the remainder when 42 is divided by x(-4).
9
Suppose 0*y - 10*y + 40 = 0. Let m = 45 - y. Suppose 3*u - 3*p + 8 - 38 = 0, -5*u + 78 = 2*p. Calculate the remainder when m is divided by u.
13
Suppose 4*l + 5*a = 105, -48 = 2*l - 4*l - 4*a. Suppose -4*y - 36 = 2*y. Calculate the remainder when l is divided by 7/(14/y) - -14.
8
What is the remainder when 14 is divided by -1*(-4 - -1)*(-16)/(-6)?
6
Suppose 0 = -4*b - 5*b. Suppose d - 26 = -2*a, b = d - 3*a - 2*a - 12. What is the remainder when d is divided by 6?
4
Let k = -14 + 17. Suppose 6*h = 3*h + k. Let s = 6 + h. What is the remainder when 32 is divided by s?
4
Let z(y) = -9*y**3 + 14*y**3 - 4*y**3 + 5*y + 5*y**2 + 2. Calculate the remainder when 19 is divided by z(-3).
4
Suppose 5*r = 4*r + 3. Suppose -3*q = -3*g + 2*g - 563, -5*q + 915 = r*g. What is the remainder when q is divided by 47?
45
Suppose 2*w + f = 83 + 7, 0 = w + 5*f - 27. What is the remainder when w is divided by 14?
5
Let w = 400 - 372. Calculate the remainder when w is divided by 28.
0
Suppose -541 = -9*y + 98. Calculate the remainder when 352 is divided by y.
68
Suppose 12 + 8 = 5*r. What i